e the remainder when (-1 - -50)*7/7 is divided by c.
24
Let x = -604 + 620. What is the remainder when 111 is divided by x?
15
Suppose w = -3*r + 66, 2*r - 5 = 1. Let j = 1 + w. What is the remainder when j is divided by 20?
18
Suppose 2*l + 5*d = -21 + 53, -5*l = -5*d - 10. Suppose -3*g + 0*g = 0. Suppose 6*z - 4*z - 18 = g. Calculate the remainder when z is divided by l.
3
Suppose 4*w = -3*f + 486 + 142, 2*w + f - 312 = 0. Let m be (-2)/(-11) - (-280)/w. What is the remainder when ((-26)/3)/(m/(-3)) is divided by 5?
3
Suppose -f - 5*r = 0, -2*f + 3*f + 4*r = 0. Suppose -7*l = -6*l - 2. What is the remainder when f + 1/2*6 is divided by l?
1
Let g = -16 - -36. Let y = -117 - -127. Calculate the remainder when g is divided by y.
0
Suppose 0 = -4*g + 16 + 12. Suppose -11 = -4*l - g. Suppose 4*j - 5*q = -11, j + 3*q - 16 = -2*q. What is the remainder when l is divided by j?
0
Let a(z) be the second derivative of z**4/4 - 11*z**3/6 + 9*z**2 - 13*z. What is the remainder when a(6) is divided by 9?
6
Let f = 9 - -10. Let r(b) = -b**2 + 5*b + 49. Calculate the remainder when r(8) is divided by f.
6
Suppose -2*z + 42 = 3*n - 2, 0 = 2*n - 4*z - 24. Let f = -10 + n. Suppose -3*b + 10 = 4*k, 3*k - 7 - 4 = -f*b. Calculate the remainder when 3 is divided by b.
1
Let r(s) = -s**3 - 21*s**2 - 53*s + 22. What is the remainder when 145 is divided by r(-18)?
1
Let c be 2 - (-48)/(-21) - (-1404)/14. Let v = c - 48. Calculate the remainder when v is divided by 41/3 - (-5)/15.
10
Calculate the remainder when 183 is divided by (-238)/(-5) - 1*(-20)/50.
39
Let w(d) = 1. Let y(p) = 2*p**2 + p - 9. Let t(q) = 4*w(q) + y(q). What is the remainder when t(5) is divided by 26?
24
Let t = -186 - -203. What is the remainder when 167 is divided by t?
14
Let t(k) = -61*k + 5. What is the remainder when t(-8) is divided by 238?
17
Let b = -10 - -15. Suppose -b*c + 1002 = -3*h, 2*h + 0*c + c = -681. Calculate the remainder when (-4)/6 + h/(-9) is divided by 10.
7
Let r(s) = s**2 - 2*s - 21. Let c(z) be the second derivative of z**4/6 + z**3/6 - z**2/2 + 2*z. Calculate the remainder when r(7) is divided by c(2).
5
Let s(x) = -x**2 + 5*x + 4. Let j(c) = -c**2 - 11*c. Let r be j(-10). Let v = r - 7. Calculate the remainder when s(5) is divided by v.
1
Suppose -2*g - 2*t + 578 = 0, 202*t = 4*g + 198*t - 1140. Calculate the remainder when g is divided by 16.
15
Let v(j) = -2*j - 23. Let d be v(-14). Suppose 50 = -d*b + 10*b. What is the remainder when 36 is divided by b?
6
Suppose 25 = 5*z, -2*i + 6*z = -19*z + 83. Suppose 0 = -4*w - 0*w + 308. Calculate the remainder when w is divided by i.
14
Suppose 7*z - 120 = 5*z. Suppose -3*u = -5*k + 2*k + 42, z = 3*k + 3*u. What is the remainder when k is divided by 6?
5
Suppose 5*o - 63 = -g, -g = -2*o - 31 - 60. What is the remainder when 494 is divided by g?
79
Let w(n) = n**2 - 7*n + 1. Let j be w(5). Let x be (-1)/2 + 392/16. Let q = j + x. What is the remainder when 29 is divided by q?
14
Let u(v) = -7 - 7 + 4 - 18*v - 5*v**2 + 3*v**2. What is the remainder when u(-5) is divided by 11?
8
Let o = -83 - -117. Let l = o + -19. Let q(g) = 4*g**2 + 5*g - 7. What is the remainder when q(3) is divided by l?
14
Let l(k) = 22*k + 6. Let z(t) = -t - 1. Let o(f) = l(f) + 10*z(f). Calculate the remainder when 23 is divided by o(1).
7
Suppose 63*a + 1395 = 18*a. Let v be 50/(-2)*(-2 - 0). Let z = a + v. What is the remainder when 93 is divided by z?
17
Suppose 4*l - o = 14, 5 + 5 = 5*o. Calculate the remainder when 3 is divided by (1/(-2))/(l/(-24)).
0
Calculate the remainder when 285 is divided by (1158/1351)/(40/(-42) - -1).
15
Let l(w) = w**2 - 88*w + 364. Let b(i) = -2*i**3 - i**2 - 3*i + 1. Calculate the remainder when b(-3) is divided by l(84).
27
Let d = 90 + 62. Calculate the remainder when d is divided by 79.
73
Let y(n) be the first derivative of n**3/3 + 11*n**2/2 + 27*n + 15. What is the remainder when y(-15) is divided by 18?
15
Let y = 21 - 12. Let o = 17 + y. What is the remainder when -8*(0 - 125/10 - -3) is divided by o?
24
Let q(i) = -172*i - 58. What is the remainder when 680 is divided by q(-1)?
110
Let d = 16 + 9. Suppose -4*n = -h - 7, 0 = 3*h + 14*n - 16*n - 9. Let u(l) = l**2 + 16*l - 7. Calculate the remainder when u(h) is divided by d.
23
Let u(m) = m. Let q be u(7). Suppose -5*i + q = -13. Suppose i*s = f + 23, 0 = -4*s - 5*f - 11 + 64. Calculate the remainder when 27 is divided by s.
6
Suppose -24 = -0*b - 4*b. Calculate the remainder when ((-36 - -13) + 9)*-1 is divided by b.
2
Let l = -21 + 5. Let i(x) = x + 18. Let s be i(l). Suppose s*f + 2*n + 0 = 56, -4*n = -20. Calculate the remainder when 45 is divided by f.
22
Suppose -2*v + 4*h + 20 = 0, -v = -5*v - 3*h + 62. Let t(f) = 14*f - 21. Let x be t(13). Let z = -94 + x. Calculate the remainder when z is divided by v.
11
Let g(z) = -4*z**3 - z**2 + 2*z + 12. Calculate the remainder when g(-3) is divided by 18.
15
Let y = -280 - -329. Calculate the remainder when y is divided by 5.
4
Let y(o) = o**2 - 31*o + 255. What is the remainder when y(19) is divided by (4/6)/((-2)/(-33))?
5
Let z(q) = -19*q + 45. What is the remainder when 136/5 + (-40)/(-50) is divided by z(2)?
0
Let w = -582 + 684. Calculate the remainder when 192 is divided by w.
90
Suppose -u + 2*u + 4*l = -6, 4*u + 4*l = 24. Let f(o) = -o**3 + 7*o**2 - o - 5. Calculate the remainder when f(6) is divided by u.
5
Let w(y) = y**2 + 3*y + 117. What is the remainder when w(-24) is divided by 25?
21
Let s(a) = 70*a + 13. Let r(z) = -z**3 + z**2 + 3. What is the remainder when s(2) is divided by r(-3)?
36
Suppose -4*s = 3*v - 0*s + 177, 2*v - 5*s = -118. Let g = v - -68. What is the remainder when g is divided by 6?
3
Let v be ((-12)/9 - 0)*(6 - 21). Suppose 0*s = -s - 4*t + v, -8 = 2*s - 4*t. Calculate the remainder when 19 is divided by s.
3
Let d = -724 + 737. Let c(h) = -5*h - 12. Let i be (1*-8 - 0) + -1. Calculate the remainder when c(i) is divided by d.
7
Suppose 71 = -3*i + 83. What is the remainder when 8 is divided by i?
0
Calculate the remainder when 115 is divided by (1/(1/13))/(15 - 14).
11
Suppose -2*v = -5*n + 163, -3*n - 40 + 140 = v. Calculate the remainder when 53 is divided by n.
20
Let n be 9/(-15) - 6/(-10). Suppose n = -k + 2*k - f - 21, -5*k = 2*f - 133. Let h = 22 + -9. Calculate the remainder when k is divided by h.
12
Let t(u) = 2*u**2 - 10*u - 3. Suppose -4*c = 4*v, 6*v = -5*c + 3*v + 6. Suppose 15 = c*s - 9. What is the remainder when t(s) is divided by 16?
13
Let h = -550 + 555. What is the remainder when 39 is divided by h?
4
Let g = -242 + 242. Let c(y) = 2*y + 36 + 0*y + 0*y. Calculate the remainder when c(g) is divided by 13.
10
Suppose 2*y + 7*d = 2*d - 10, 60 = -5*y + 5*d. Let m(i) = -3*i**2 - 35*i + 24. Let p be m(-12). What is the remainder when 31 is divided by (p/y)/((-24)/160)?
7
Let k(w) = -7*w**3 - w. Let h be k(-1). Let j(g) = -2*g**2 + 16*g + 7. Calculate the remainder when 20 is divided by j(h).
6
Let i = -430 - -493. What is the remainder when 188 is divided by i?
62
Suppose -f + 704 = -4*f + 2*p, -4*f - 948 = -5*p. Let n = -213 - f. Suppose -m + 3 = -3*a + 22, a + 2*m = -3. Calculate the remainder when n is divided by a.
4
Calculate the remainder when 2 + (-22)/10 - 18480/(-150) is divided by 18.
15
Let h be ((-8)/20)/((-12)/(-10))*0. Suppose -6*m - 13*m + 1463 = h. Calculate the remainder when m is divided by 40.
37
Suppose 2*n = -5*w + 7, 0 = -n - 2*w - 0 + 3. Let u(z) = n + 4*z - 3 + 2*z + 3*z**2 + 5. What is the remainder when u(-5) is divided by 10?
8
Let q(v) = 5*v**3 - v. Let s be q(-1). Let i be s + 7 - (0 - 41). Suppose 0 = -u - u + i. Calculate the remainder when 86 is divided by u.
20
Suppose 71*n + 178 = 73*n. Let x = n + -84. Suppose 0*w + 65 = 5*w. What is the remainder when w is divided by x?
3
Let j(t) = 2*t**2 - 9*t + 16. Suppose p - 35 = -5*u, 4*u - 4*p = -p + 47. What is the remainder when j(u) is divided by 15?
12
Let h = -5 + 40. Suppose 0 = -5*v + o + 149, -v + 2*v + 5*o = h. What is the remainder when 148 is divided by v?
28
Let h(z) = -5*z - 2. Let g be 4/(24/21)*(0 - -2). Suppose g*f = -6*f + 182. What is the remainder when f is divided by h(-2)?
6
Let p(i) = 10*i**2 - 32*i + 33. Suppose 0 = 5*b - 3*b - 32. Calculate the remainder when b 